 15) to base 8
1
Convert -9a (base 16) to base 9.
-181
3 (base 14) to base 8
3
-101 (base 3) to base 14
-a
What is 2323 (base 5) in base 16?
152
What is -10 (base 2) in base 6?
-2
What is 100100 (base 2) in base 9?
40
1003 (base 4) to base 15
47
-23 (base 4) to base 12
-b
What is 0 (base 5) in base 6?
0
-11 (base 15) to base 12
-14
What is 15 (base 14) in base 13?
16
What is -10 (base 10) in base 3?
-101
-11 (base 7) to base 10
-8
Convert -10 (base 5) to base 15.
-5
-2 (base 10) to base 8
-2
-146 (base 7) to base 14
-5d
-b (base 16) to base 11
-10
What is 2 (base 13) in base 16?
2
-6 (base 10) to base 11
-6
Convert 68 (base 11) to base 3.
2202
What is -1215 (base 6) in base 15?
-14e
Convert 111000 (base 2) to base 13.
44
Convert -12 (base 3) to base 16.
-5
What is 13 (base 8) in base 5?
21
What is 3 (base 15) in base 4?
3
What is 119 (base 13) in base 2?
10111111
Convert -221 (base 4) to base 16.
-29
Convert 111 (base 2) to base 10.
7
Convert 11 (base 2) to base 15.
3
Convert -21011 (base 3) to base 13.
-11b
104 (base 11) to base 5
1000
Convert 14 (base 7) to base 16.
b
What is -1b (base 13) in base 7?
-33
Convert 17 (base 8) to base 5.
30
What is 3 (base 6) in base 5?
3
-100100110 (base 2) to base 13
-198
Convert -1 (base 4) to base 11.
-1
155 (base 7) to base 2
1011001
What is -11 (base 3) in base 2?
-100
-3 (base 13) to base 14
-3
What is -1 (base 4) in base 2?
-1
-230 (base 4) to base 10
-44
Convert -8 (base 16) to base 14.
-8
Convert 0 (base 14) to base 9.
0
Convert -17 (base 11) to base 3.
-200
-3 (base 14) to base 9
-3
What is 11 (base 13) in base 9?
15
What is 2 (base 14) in base 10?
2
155 (base 8) to base 10
109
What is -100 (base 2) in base 3?
-11
What is 2 (base 12) in base 9?
2
-15 (base 11) to base 15
-11
136 (base 7) to base 11
6a
Convert -14 (base 12) to base 5.
-31
-169 (base 11) to base 7
-400
What is 4 (base 13) in base 15?
4
Convert -5 (base 16) to base 9.
-5
2 (base 8) to base 11
2
Convert -67 (base 9) to base 3.
-2021
Convert -30 (base 7) to base 6.
-33
What is 5 (base 12) in base 10?
5
Convert -1102 (base 3) to base 15.
-28
-12b (base 12) to base 10
-179
111000 (base 2) to base 15
3b
100 (base 4) to base 15
11
Convert 1 (base 6) to base 7.
1
What is 10 (base 8) in base 3?
22
Convert -26 (base 12) to base 2.
-11110
What is -3 (base 9) in base 5?
-3
Convert 2 (base 6) to base 7.
2
-6 (base 10) to base 11
-6
What is -4 (base 14) in base 7?
-4
What is -244 (base 6) in base 9?
-121
0 (base 9) to base 2
0
What is -10 (base 2) in base 5?
-2
What is 50 (base 13) in base 4?
1001
What is 22 (base 5) in base 10?
12
-1 (base 13) to base 10
-1
-22002 (base 3) to base 6
-1002
What is 4 (base 14) in base 10?
4
What is 10000 (base 2) in base 8?
20
Convert -1 (base 15) to base 3.
-1
122 (base 7) to base 16
41
What is -11 (base 9) in base 7?
-13
12 (base 7) to base 3
100
Convert 19 (base 11) to base 4.
110
What is 110010 (base 3) in base 4?
11013
Convert -41 (base 13) to base 16.
-35
7 (base 11) to base 5
12
Convert 30 (base 8) to base 9.
26
What is -3 (base 12) in base 6?
-3
What is -24 (base 5) in base 16?
-e
What is 3 (base 5) in base 7?
3
Convert -323 (base 9) to base 5.
-2024
Convert ad (base 14) to base 15.
a3
What is -31 (base 9) in base 3?
-1001
46 (base 12) to base 13
42
Convert 8 (base 9) to base 3.
22
Convert -11 (base 6) to base 13.
-7
-233 (base 5) to base 10
-68
What is -36 (base 8) in base 2?
-11110
Convert 1021 (base 4) to base 13.
58
What is -34 (base 6) in base 15?
-17
-11010000 (base 2) to base 14
-10c
3 (base 5) to base 12
3
Convert 2 (base 4) to base 10.
2
What is 2 (base 10) in base 8?
2
2 (base 12) to base 11
2
-130 (base 12) to base 3
-20200
-9 (base 14) to base 12
-9
What is 1 (base 11) in base 13?
1
What is 234 (base 10) in base 16?
ea
0 (base 13) to base 3
0
Convert -1 (base 8) to base 7.
-1
Convert 4 (base 16) to base 6.
4
-20 (base 8) to base 5
-31
What is 5 (base 8) in base 6?
5
-26 (base 7) to base 13
-17
-1011100 (base 2) to base 12
-78
What is 12 (base 9) in base 11?
10
8 (base 11) to base 10
8
10 (base 4) to base 11
4
430 (base 6) to base 10
162
100 (base 2) to base 15
4
36 (base 10) to base 4
210
What is 1000111 (base 2) in base 7?
131
Convert 41 (base 5) to base 3.
210
What is bc (base 14) in base 4?
2212
Convert 2 (base 3) to base 9.
2
What is -65 (base 13) in base 6?
-215
-2 (base 14) to base 4
-2
Convert 12 (base 6) to base 13.
8
-44 (base 8) to base 4
-210
Convert -4 (base 12) to base 14.
-4
1 (base 16) to base 12
1
Convert 9 (base 10) to base 14.
9
What is 11 (base 4) in base 3?
12
What is -a2 (base 14) in base 5?
-1032
What is -40 (base 9) in base 5?
-121
Convert -3 (base 6) to base 16.
-3
Convert 636 (base 8) to base 16.
19e
-8 (base 10) to base 7
-11
-3 (base 7) to base 5
-3
-10 (base 5) to base 10
-5
Convert -88 (base 14) to base 3.
-11110
What is -1 (base 9) in base 6?
-1
Convert -2 (base 16) to base 8.
-2
What is 35 (base 7) in base 2?
11010
Convert -67 (base 15) to base 9.
-117
Convert -313 (base 7) to base 11.
-133
Convert 13 (base 11) to base 3.
112
What is 7 (base 9) in base 12?
7
What is 49 (base 12) in base 16?
39
What is -1 (base 4) in base 7?
-1
What is 9 (base 15) in base 13?
9
Convert 3 (base 12) to base 8.
3
What is -10 (base 15) in base 16?
-f
What is -5 (base 12) in base 9?
-5
Convert 1100001 (base 2) to base 5.
342
Convert -12 (base 5) to base 3.
-21
What is -20 (base 5) in base 12?
-a
Convert -70 (base 14) to base 4.
-1202
-10 (base 3) to base 8
-3
Convert 54 (base 6) to base 13.
28
Convert 1c (base 15) to base 13.
21
What is 182 (base 9) in base 10?
155
Convert -6 (base 15) to base 11.
-6
What is 3 (base 5) in base 16?
3
7 (base 13) to base 4
13
Convert 110 (base 2) to base 3.
20
Convert 2 (base 14) to base 4.
2
1 (base 8) to base 16
1
Convert 20 (base 6) to base 4.
30
-9 (base 16) to base 14
-9
What is -3 (base 15) in base 9?
-3
Convert 4 (base 10) to base 8.
4
Convert 221 (base 6) to base 10.
85
Convert -20 (base 3) to base 15.
-6
Convert -1 (base 12) to base 14.
-1
What is 9 (base 15) in base 3?
100
What is 1001000 (base 2) in base 15?
4c
65 (base 7) to base 11
43
-2 (base 8) to base 2
-10
-344 (base 5) to base 15
-69
-3 (base 13) to base 10
-3
What is -3a (base 11) in base 15?
-2d
1 (base 3) to base 13
1
What is -27 (base 13) in base 4?
-201
What is 90 (base 13) in base 12?
99
What is -58 (base 11) in base 4?
-333
What is 111001 (base 2) in base 8?
71
Convert 0 (base 4) to base 11.
0
-4 (base 11) to base 12
-4
Convert -9a (base 13) to base 12.
-a7
Convert 6 (base 12) to base 16.
6
What is 11 (base 9) in base 11?
a
Convert -2122 (base 3) to base 10.
-71
-1 (base 8) to base 5
-1
What is 0 (base 15) in base 8?
0
What is 5 (base 13) in base 9?
5
Convert -11022 (base 3) to base 14.
-84
What is 22 (base 3) in base 7?
11
0 (base 7) to base 8
0
-1 (base 10) to base 11
-1
Convert 1 (base 10) to base 8.
1
-3 (base 4) to base 5
-3
What is -10 (base 11) in base 9?
-12
1 (base 13) to base 11
1
1 (base 7) to base 15
1
What is -2 (base 16) in base 13?
-2
What is 24 (base 8) in base 10?
20
18 (base 16) to base 12
20
Convert -14 (base 10) to base 12.
-12
What is -12 (base 8) in base 13?
-a
What is 21 (base 14) in base 12?
25
9 (base 10) to base 11
9
What is -120 (base 3) in base 14?
-11
-16 (base 8) to base 10
-14
-3 (base 11) to base 16
-3
Convert 94 (base 13) to base 4.
1321
Convert 10c (base 14) to base 2.
11010000
What is -15 (base 13) in base 14?
-14
What is 4 (base 5) in base 9?
4
Convert -89 (base 14) to base 12.
-a1
24 (base 13) to base 3
1010
Convert -1 (base 10) to base 16.
-1
Convert -100 (base 5) to base 7.
-34
1a (base 15) to base 14
1b
Convert -5 (base 11) to base 12.
-5
What is -2 (base 11) in base 9?
-2
What is 100 (base 2) in base 10?
4
-320 (base 7) to base 3
-12222
-440 (base 6) to base 14
-c0
What is 10 (base 3) in base 10?
3
-16 (base 10) to base 13
-13
1 (base 3) to base 4
1
Convert 15 (base 7) to base 10.
12
-14 (base 10) to base 4
-32
Convert 11112 (base 3) to base 5.
442
Convert 423 (base 6) to base 3.
12220
What is -d (base 14) in base 3?
-111
What is -323 (base 4) in base 13?
-47
-32 (base 7) to base 6
-35
What is -22 (base 15) in base 5?
-112
Convert 0 (base 9) to base 16.
0
What is 1 (base 14) in base 2?
1
1 (base 12) to base 16
1
Convert -3 (base 10) to ba